nd 9?
9
Calculate the highest common divisor of 407 and 31783.
37
Calculate the greatest common factor of 275 and 451.
11
What is the highest common factor of 13440 and 42?
42
What is the greatest common divisor of 45 and 4545?
45
What is the greatest common factor of 4778388 and 116?
116
Calculate the highest common factor of 2058 and 1533.
21
Calculate the highest common factor of 180502 and 14.
14
What is the greatest common factor of 519 and 103973?
173
Calculate the highest common factor of 110 and 20438.
22
Calculate the highest common divisor of 135 and 12798.
27
Calculate the highest common divisor of 25862 and 1474.
134
Calculate the highest common divisor of 420 and 169680.
420
What is the greatest common divisor of 51957 and 414?
207
Calculate the highest common divisor of 16 and 18472.
8
Calculate the greatest common divisor of 1548 and 22500.
36
Calculate the greatest common divisor of 1790 and 2760.
10
What is the highest common divisor of 3572646 and 21?
21
Calculate the highest common divisor of 7 and 626213.
7
Calculate the greatest common factor of 252 and 35140.
28
What is the greatest common factor of 54084 and 84?
12
Calculate the greatest common divisor of 15 and 3495.
15
What is the highest common factor of 9751 and 343?
49
What is the greatest common divisor of 805 and 299?
23
Calculate the highest common divisor of 1100 and 49700.
100
What is the greatest common divisor of 2 and 509?
1
What is the highest common divisor of 400037 and 451?
451
Calculate the greatest common divisor of 2340 and 151308.
36
What is the greatest common factor of 2025 and 8655?
15
Calculate the greatest common divisor of 54 and 10818.
18
Calculate the highest common factor of 70 and 47635.
35
What is the highest common factor of 8 and 1439?
1
What is the greatest common factor of 552 and 158493?
69
Calculate the highest common divisor of 24 and 110829.
3
What is the highest common divisor of 29 and 82?
1
What is the highest common divisor of 128 and 14320?
16
Calculate the highest common factor of 3198570 and 30.
30
What is the highest common divisor of 67661 and 22?
11
What is the greatest common factor of 315 and 21070?
35
What is the highest common factor of 25327 and 3483?
43
What is the greatest common divisor of 4256 and 14?
14
Calculate the highest common divisor of 3584 and 36608.
256
Calculate the highest common factor of 90 and 47390.
10
What is the greatest common factor of 203148 and 198?
198
What is the highest common factor of 56771 and 1588?
397
Calculate the greatest common divisor of 139 and 17.
1
Calculate the greatest common factor of 17390 and 3145.
185
What is the greatest common divisor of 18386 and 116?
58
Calculate the highest common factor of 138553 and 27790.
397
Calculate the greatest common divisor of 100 and 62570.
10
What is the highest common divisor of 980 and 40970?
10
Calculate the greatest common divisor of 143 and 637.
13
What is the greatest common divisor of 1592531 and 1761?
587
What is the highest common divisor of 136700 and 1900?
100
What is the highest common factor of 130 and 5400?
10
What is the greatest common factor of 299689 and 13?
13
Calculate the highest common divisor of 16675 and 25.
25
Calculate the highest common divisor of 783 and 27231.
87
Calculate the highest common divisor of 18458 and 154.
22
Calculate the greatest common divisor of 9338 and 3248.
406
What is the highest common divisor of 2859472 and 1232?
1232
What is the greatest common factor of 11499 and 3?
3
What is the highest common factor of 7210 and 70?
70
What is the highest common factor of 3260514 and 37?
37
What is the greatest common factor of 89205 and 626?
313
Calculate the greatest common factor of 6794 and 2054.
158
What is the highest common factor of 352503 and 954?
477
Calculate the highest common factor of 902 and 62788.
22
What is the greatest common factor of 357 and 18309?
51
Calculate the highest common factor of 208 and 3289.
13
Calculate the greatest common factor of 3230 and 666026.
646
Calculate the highest common divisor of 44556 and 12.
12
Calculate the greatest common factor of 9585 and 2295.
135
What is the greatest common factor of 855429 and 68325?
2733
What is the greatest common divisor of 689 and 1876836?
689
Calculate the highest common factor of 196 and 1028902.
98
Calculate the greatest common factor of 191 and 664871.
191
Calculate the highest common divisor of 677768 and 11704.
1064
Calculate the greatest common factor of 3660 and 1140.
60
What is the greatest common divisor of 714 and 429709?
119
Calculate the greatest common divisor of 4550 and 15850.
50
Calculate the greatest common divisor of 316 and 5372.
316
Calculate the highest common divisor of 4111758 and 168.
42
What is the greatest common factor of 107677 and 29?
29
Calculate the highest common factor of 359459 and 101.
101
Calculate the greatest common factor of 1557671 and 1087.
1087
Calculate the highest common factor of 30601 and 213.
71
What is the greatest common factor of 2321971 and 38?
19
What is the greatest common factor of 1659803 and 82?
41
What is the greatest common factor of 292 and 40588?
292
Calculate the highest common divisor of 4 and 772.
4
What is the greatest common factor of 10 and 4155950?
10
Calculate the highest common divisor of 111 and 11292918.
111
Calculate the highest common factor of 6 and 49.
1
Calculate the greatest common factor of 10 and 304270.
10
What is the greatest common factor of 564 and 96?
12
Calculate the highest common factor of 193614 and 366.
366
What is the greatest common factor of 30 and 1840?
10
What is the greatest common divisor of 85345 and 41405?
845
Calculate the greatest common factor of 6920 and 1000.
40
What is the highest common factor of 636 and 1204372?
212
Calculate the highest common factor of 10784 and 8425.
337
What is the highest common factor of 48 and 58500?
12
What is the greatest common divisor of 23220 and 688?
172
What is the highest common factor of 1408024 and 584?
584
What is the highest common factor of 21 and 553?
7
What is the greatest common divisor of 666 and 31154?
74
Calculate the greatest common factor of 11346 and 217.
31
Calculate the greatest common factor of 610 and 64970.
10
What is the highest common factor of 96396 and 277?
277
Calculate the greatest common divisor of 40782 and 42.
42
Calculate the greatest common factor of 3475 and 175.
25
Calculate the highest common divisor of 2379 and 228567.
183
What is the greatest common factor of 2604 and 420?
84
Calculate the highest common divisor of 102296 and 760.
152
What is the highest common divisor of 605 and 419991?
121
What is the highest common divisor of 106818 and 1938?
114
Calculate the greatest common factor of 5212 and 886.
2
What is the greatest common factor of 3901261 and 997?
997
What is the highest common divisor of 392 and 4360?
8
What is the greatest common factor of 377836 and 1652?
236
Calculate the greatest common divisor of 12 and 11733.
3
What is the greatest common divisor of 4449 and 51?
3
Calculate the greatest common divisor of 20 and 29005.
5
Calculate the greatest common factor of 469 and 2912.
7
What is the greatest common divisor of 3924 and 6976?
436
What is the highest common factor of 72933 and 23?
23
What is the highest common factor of 135 and 2287899?
27
Calculate the greatest common factor of 852 and 5181438.
426
What is the greatest common factor of 43415 and 1425?
95
Calculate the greatest common factor of 695295 and 36.
9
Calculate the highest common factor of 1518 and 180826.
46
What is the greatest common divisor of 5010332 and 412?
412
Calculate the highest common divisor of 80 and 38816.
16
Calculate the highest common divisor of 2080 and 59860.
20
What is the highest common divisor of 297 and 127791?
27
What is the greatest common divisor of 3 and 87858?
3
Calculate the highest common factor of 2607 and 79.
79
What is the greatest common factor of 78 and 59631?
39
What is the highest common divisor of 90319 and 2353?
181
What is the greatest common divisor of 935 and 2924?
17
Calculate the greatest common divisor of 61567 and 22.
11
What is the highest common divisor of 1573 and 902?
11
Calculate the greatest common divisor of 268 and 46967